{"id":2,"date":"2023-02-23T10:34:03","date_gmt":"2023-02-23T09:34:03","guid":{"rendered":"http:\/\/rehabkelet.hu\/?page_id=2"},"modified":"2023-11-29T08:17:26","modified_gmt":"2023-11-29T07:17:26","slug":"ez-egy-minta-oldal","status":"publish","type":"page","link":"http:\/\/rehabkelet.hu\/?page_id=2","title":{"rendered":"<a href=\"http:\/\/rehabkelet.hu\/?p=1&amp;customize_changeset_uuid=c16f756e-2b17-4318-8049-97942dadbc88&amp;customize_autosaved=on&amp;customize_messenger_channel=preview-5\">El\u00e9rhet\u0151s\u00e9geink<\/a>"},"content":{"rendered":"\n<p>4400 Ny\u00edregyh\u00e1za, Nagyv\u00e1rad utca 10. (K\u00f3rh\u00e1z h\u00e1ts\u00f3 bej\u00e1rata)<br>Tel.: 42\/595-175<br>E-mail: rehabkelet@gmail.com<br>Nyitva tart\u00e1s: K,SZ,CS,P: 7.45-15.45<br>H\u00e9tf\u0151: 7.45-17.45<br>__________________________________________________________________<\/p>\n\n\n\n<p>4400 Ny\u00edregyh\u00e1za, Bocskai utca 73. (SZTK \u00e9p\u00fclete)<br>Tel.: 42\/599-700\/1608 mell\u00e9k<br>Nyitva tart\u00e1s: H-P 8.00-14.30<br>__________________________________________________________________<\/p>\n\n\n\n<p>4400 Ny\u00edregyh\u00e1za, Szent Istv\u00e1n utca 59. (Szent Rita Gy\u00f3gy\u00e1szati \u00dczlet)<br>Tel.: 42\/800-185<br>Nyitva tart\u00e1s: H-P 8.00-15.30<br>__________________________________________________________________<\/p>\n\n\n\n<p>4300 Ny\u00edrb\u00e1tor, \u00c9desany\u00e1k \u00fatja 1.<br>Tel.: 42\/510-018<br>Nyitva tart\u00e1s: H, SZ, P: 8.30-14.00<br>__________________________________________________________________<\/p>\n\n\n\n<p>4600 Kisv\u00e1rda, \u00c1rp\u00e1d utca 26.<br>Tel.: 45\/502-100<br>Nyitva tart\u00e1s: H-CS 9.00-14.00<br>P 9.00-13.00<br>__________________________________________________________________<\/p>\n\n\n\n<p>4900 Feh\u00e9rgyarmat, Damjanich utca 1.<br>Tel.: 44\/511-100<br>Nyitva tart\u00e1s: H-P 7.45-15.45<br>__________________________________________________________________<\/p>\n\n\n\n<p><\/p>\n","protected":false},"excerpt":{"rendered":"<p>4400 Ny\u00edregyh\u00e1za, Nagyv\u00e1rad utca 10. (K\u00f3rh\u00e1z h\u00e1ts\u00f3 bej\u00e1rata)Tel.: 42\/595-175E-mail: rehabkelet@gmail.comNyitva tart\u00e1s: K,SZ,CS,P: 7.45-15.45H\u00e9tf\u0151: 7.45-17.45__________________________________________________________________ 4400 Ny\u00edregyh\u00e1za, Bocskai utca 73. (SZTK \u00e9p\u00fclete)Tel.: 42\/599-700\/1608 mell\u00e9kNyitva tart\u00e1s: H-P 8.00-14.30__________________________________________________________________ 4400 Ny\u00edregyh\u00e1za, Szent Istv\u00e1n utca 59. (Szent Rita Gy\u00f3gy\u00e1szati \u00dczlet)Tel.: 42\/800-185Nyitva tart\u00e1s: H-P 8.00-15.30__________________________________________________________________ 4300 Ny\u00edrb\u00e1tor, \u00c9desany\u00e1k \u00fatja 1.Tel.: 42\/510-018Nyitva tart\u00e1s: H, SZ, P: 8.30-14.00__________________________________________________________________ 4600 Kisv\u00e1rda, \u00c1rp\u00e1d utca &hellip; <a href=\"http:\/\/rehabkelet.hu\/?page_id=2\" class=\"more-link\">Continue reading<span class=\"screen-reader-text\"> &#8222;<a href=\"http:\/\/rehabkelet.hu\/?p=1&amp;customize_changeset_uuid=c16f756e-2b17-4318-8049-97942dadbc88&amp;customize_autosaved=on&amp;customize_messenger_channel=preview-5\">El\u00e9rhet\u0151s\u00e9geink<\/a>&#8222;<\/span><\/a><\/p>\n","protected":false},"author":1,"featured_media":0,"parent":0,"menu_order":0,"comment_status":"closed","ping_status":"open","template":"","meta":{"footnotes":""},"_links":{"self":[{"href":"http:\/\/rehabkelet.hu\/index.php?rest_route=\/wp\/v2\/pages\/2"}],"collection":[{"href":"http:\/\/rehabkelet.hu\/index.php?rest_route=\/wp\/v2\/pages"}],"about":[{"href":"http:\/\/rehabkelet.hu\/index.php?rest_route=\/wp\/v2\/types\/page"}],"author":[{"embeddable":true,"href":"http:\/\/rehabkelet.hu\/index.php?rest_route=\/wp\/v2\/users\/1"}],"replies":[{"embeddable":true,"href":"http:\/\/rehabkelet.hu\/index.php?rest_route=%2Fwp%2Fv2%2Fcomments&post=2"}],"version-history":[{"count":5,"href":"http:\/\/rehabkelet.hu\/index.php?rest_route=\/wp\/v2\/pages\/2\/revisions"}],"predecessor-version":[{"id":80,"href":"http:\/\/rehabkelet.hu\/index.php?rest_route=\/wp\/v2\/pages\/2\/revisions\/80"}],"wp:attachment":[{"href":"http:\/\/rehabkelet.hu\/index.php?rest_route=%2Fwp%2Fv2%2Fmedia&parent=2"}],"curies":[{"name":"wp","href":"https:\/\/api.w.org\/{rel}","templated":true}]}}